 - 5*u. Is z composite?
True
Is 7 + (-4004923)/(-4) + (-15)/20 a composite number?
False
Suppose 0 = 2*v - 18*v + 762912. Suppose v = 10*n - 8128. Is n composite?
False
Is 54656/2 - (-123)/123 a prime number?
True
Suppose 3561 = 3*k - 8160. Is k composite?
False
Let o(p) be the third derivative of 51*p**4/8 + 2*p**3 - 4*p**2. Let m be o(3). Suppose -4*k + m + 855 = -2*z, -5*z - 336 = -k. Is k a composite number?
False
Let u(y) = 1038*y**2 - 20*y + 679. Is u(13) prime?
False
Let o(j) = -54*j**3 + 6*j**2 + 9*j + 39. Let l be o(-5). Suppose -y = -q + l, 3*q + 2*y - 22720 = -2013. Is q a composite number?
False
Let z(g) = 29*g**2 + 23*g + 251. Let s be z(-34). Suppose -35*u + 171103 = s. Is u composite?
True
Let r(y) = -2*y**2 + 33*y**3 - 38 + 5*y - 3*y + 34. Let b be r(4). Let s = b - 1047. Is s prime?
False
Let j = -104 + 114. Suppose 12*p = j*p + 6. Suppose 4*n + 5*c - 3954 = 0, -4*c + 989 = n - p*c. Is n a composite number?
False
Let l(a) = 268*a**2 + 44*a + 255. Let m(d) = -803*d**2 - 131*d - 763. Let j(p) = -8*l(p) - 3*m(p). Is j(-6) a composite number?
True
Suppose -4*x + 2*f = -0*x - 22, 4*x - 19 = 5*f. Is 8071 - (4 - -2) - x composite?
False
Let d = 261480 - 78197. Is d a prime number?
True
Let s(y) be the second derivative of 53*y**4/6 - y**3/2 + y**2 + 15*y. Let z be s(1). Suppose 8*x - z = 5*x. Is x prime?
False
Suppose 2*v = -0*v - 21*v + 99038. Is v a prime number?
False
Suppose -34*n - 16528 = -176294. Let d = n - 2793. Is d prime?
False
Is (1827471/15)/((0 - -2)*8/80) a composite number?
True
Let v be (11069 - 1)*(-49)/98. Let y = -3217 - v. Is y a prime number?
False
Let n be -5 + -3*(-88480)/15. Suppose 11*h = n + 20512. Suppose 5*d + 2*c = 5611 + 136, -h = -3*d + 5*c. Is d prime?
True
Let g be -34 - (2 + (1 - 4)). Let n = -13 - g. Is 36634/260 + 2/n composite?
True
Let q(c) = c**3 - 2*c**2 + c + 10. Let v = -140 + 147. Is q(v) prime?
False
Let a(r) = 191*r**3 - r**2 + r + 7. Let y be a(-5). Let c = -8827 - y. Is c composite?
True
Let d(v) = 379*v - 239. Let z be d(26). Is 0 + (-1)/((-3)/z) a composite number?
True
Let d(o) = 11*o - 49. Let i(f) = -23*f + 97. Suppose 0*n = -n + 11. Let t(q) = n*d(q) + 6*i(q). Is t(-8) composite?
False
Let v(n) = -2*n**2 + 9*n - 2. Let f be v(2). Is f/10*-1 + (-639999)/(-705) a composite number?
False
Let t = 139 + -136. Let x(j) = 165*j - 5. Let o be x(t). Let w = o + 93. Is w composite?
True
Suppose -2*h - 1029 + 10359 = -2*s, 4*s + 18675 = h. Let j = -5 - -2. Is (-3)/(-6) + j + s/(-4) a prime number?
False
Let x(y) = 24*y - 83. Suppose -5*n + 2*n = -27. Is x(n) composite?
True
Let m = 73680 - -42479. Is m a composite number?
False
Suppose 0 = -5*u + 2*y + 40051, 3*u - 4*y = 4*u - 7997. Is u prime?
True
Let h(c) be the first derivative of 473*c**3/3 + c**2 - 46*c + 113. Is h(5) a composite number?
False
Let c(g) = -2*g**2 + 13*g + 77. Let v be c(10). Suppose v*w + 57440 = 147579. Is w a prime number?
False
Let q(g) be the first derivative of 31*g**3/3 + 3*g**2/2 + 27*g - 50. Is q(-13) prime?
True
Suppose v - 5*f = -12, 0*f = -3*v + 4*f + 19. Let d(s) = -2*s + 2*s + 3*s + 13*s - v. Is d(11) prime?
True
Is -13 + 13134/11*51 a prime number?
False
Suppose -52*d + 6442245 = -2406555 - 2365156. Is d a prime number?
True
Is 217353313/2770 + (-2)/(-20) a composite number?
False
Let y = -164345 - -278878. Is y a prime number?
False
Let v = 126 + -92. Is 250260/170 + 9 - 4/v prime?
True
Suppose 176*g = 169*g + 2287509. Is g prime?
False
Let l = 272 - 248. Suppose -l*y - 699832 = -32*y. Is y a composite number?
True
Let a(x) = 72*x**2 - 19*x + 1. Let o(k) = -k**2 - k. Let f(t) = a(t) + 7*o(t). Is f(-10) a prime number?
True
Let i(q) be the third derivative of 997*q**4/24 + 5*q**3/2 + 8*q**2. Is i(16) a prime number?
False
Let m(f) = f**2 - 2*f - 14. Let r be m(-3). Let u(b) be the second derivative of 437*b**3/3 + 3*b**2/2 - 3*b. Is u(r) a composite number?
False
Suppose -1048 = -t + 6*w - 3*w, -2*w = 2*t - 2072. Let j = t - -1273. Suppose -3*i + i + j = -2*m, -i + 1146 = m. Is i a composite number?
False
Suppose 61807 = 3*q - 776. Is q a prime number?
False
Suppose -2*f - 5*c = -23130, -5*f + 3*c = -23323 - 34440. Suppose 2*n - 3*j - f = 0, 6*n + 5*j - 5784 = 5*n. Is n a composite number?
False
Let t be (2 - (-25)/2)*-94. Let v = t + 1936. Is v composite?
True
Let n = -21 + 36. Let y(o) = -3*o + 31. Let u be y(n). Is 4/u - (-15400)/49 composite?
True
Suppose y = -3*b + 46390, 4*b = -171*y + 167*y + 185536. Is y a composite number?
False
Let v be 2 - -4*(-1 - 0). Let y(c) = 39*c**2 - 19*c + 4. Let p(x) = 10*x**2 - 5*x + 1. Let z(b) = v*y(b) + 9*p(b). Is z(-4) a composite number?
True
Suppose 5*p - 4730 = 4*p. Let h(b) = 14*b**2 + 8*b - 25. Let k be h(7). Let s = p + k. Is s composite?
True
Let s(o) = 133*o + 23. Let q(u) = -67*u - 12. Let d(m) = 13*q(m) + 6*s(m). Let l(c) = 74*c + 17. Let t(n) = 6*d(n) + 5*l(n). Is t(-5) prime?
True
Suppose -6*f - c = -2*f - 23, 5*f = -2*c + 31. Suppose -2*z + 8*t + 31 = f*t, 2*t - 6 = -2*z. Suppose 0 = z*d - 5*d - 6159. Is d a prime number?
True
Let l(u) = 315*u + 348. Let x be l(2). Let g be 1/(1/5*-1). Let s = x - g. Is s a prime number?
True
Suppose 2*u + 140618 = y - 142097, -1130816 = -4*y - 3*u. Is y prime?
True
Suppose -1740868 - 1153267 = -7*n + 2*i, 2067238 = 5*n - i. Is n a composite number?
True
Suppose 5*t + 5*g = 2577545, 447*t - 451*t + 2062018 = -5*g. Is t composite?
False
Let y = -243534 - -439721. Is y composite?
False
Suppose 4*z = 4*w + 6371696, -4*z + 53*w = 54*w - 6371711. Is z composite?
True
Let w be (1008/216)/(1/9). Suppose w*g = 15*g + 14283. Is g composite?
True
Is ((-60)/(-16))/5 - 31013749/(-52) prime?
True
Let a(s) = 3*s**2 - 116*s + 124. Is a(55) a composite number?
False
Is (16 - 24) + (1 - 14877646/(-7)) a prime number?
False
Suppose 44*s + 521371 = 91*s. Is s prime?
True
Suppose -5*u = -2*h + 971542, -51*h + u = -54*h + 1457279. Is h a composite number?
True
Let l be (-3 + 8 - 5)*1. Suppose 12*t - 13*t + 3191 = l. Is t a prime number?
True
Let b(c) = -109*c + 24. Let q be b(18). Let u = q - -3569. Is u composite?
True
Suppose 17*d - 11*d = 84. Let q be ((-2145)/(-15))/((-2)/d). Let t = -464 - q. Is t a prime number?
False
Let m(d) = 16*d**2 + 34*d - 67. Suppose 3*a - 27 = -3*s, s = 3*a - 5*a + 5. Is m(s) a composite number?
False
Is (-8 + (-564)/(-36))*879 a prime number?
False
Let n(a) = 11762*a + 553. Is n(8) prime?
True
Let m = -6988 + 28995. Is m a composite number?
True
Suppose -3*i + 102172 = 2*x, -198*i + 202*i = 5*x - 255453. Is x a composite number?
True
Let a(i) = 8098*i + 12. Let c be a(2). Let r = c - 3427. Is r prime?
True
Let q(z) = z**3 + 13*z**2 + 43 + 92*z - 119*z + 10*z**2 - 3*z**2. Is q(-19) composite?
True
Is (7/280*8*2)/(14/4253305) prime?
True
Let m = -62808 - -188471. Is m composite?
True
Let a(s) = 16*s**2 - 65 + 21*s**2 - 16*s + 60*s**2 + 21. Is a(-7) a prime number?
False
Is (-149520)/50*-118 - -3*2/(-30) prime?
True
Let d be (-347)/(-2 - (-15)/6). Suppose -5*o = -o + 324. Let j = o - d. Is j composite?
False
Let v be (-1 + 3)*(-6)/12. Let z be (-240)/(-110) + (-9)/(-11) + v. Suppose 0 = 3*i - z*b - 1914 - 105, 2*b = -6. Is i a composite number?
True
Suppose -6*h + 5*h - k - 10 = 0, -5*k = -4*h - 40. Is (1402/(-6))/(h/30) a prime number?
True
Let b(z) = -z**3 + 23*z**2 - 21*z - 20. Let i be b(22). Suppose -4*p + 14292 = 3*x - 31088, 0 = i*x. Is p prime?
False
Let n(v) = -225*v - 17. Is n(-18) a prime number?
False
Let j(d) = 13*d - 39 + 16*d + 8*d + 9*d + 5*d**2 - 51*d. Is j(-19) a composite number?
False
Let r = -27993 - -52664. Is r a prime number?
True
Suppose 4553*o - 4552*o - 34911 = -x, 0 = o - x - 34915. Is o composite?
False
Let m = 7721 - -8528. Is m a prime number?
True
Let s = 453 - 453. Suppose 2*d = -s*g - g + 2849, 11346 = 4*g - 2*d. Is g prime?
False
Let n(y) = 1637*y**2 - y - 1. Let k = 16 + -16. Suppose -6*p + 7*p + 1 = k. Is n(p) composite?
False
Is (314684/(-20) - (-27)/3)/((-2)/5) prime?
True
Let k = -84575 - -200598. Is k a composite number?
True
Let p(m) = 4904*m**2 + 21*m - 154. Is p(-13) composite?
False
Is (-2)/2*(346946/(-4))/((-1)/(-2)) prime?
True
Suppose -25659 - 33471 = -15*w. Suppose 2*m = w + 2800. Is m prime?
True
Let r = 3041 - 2161. Let n be 2/(2/1493 - 0). Let o = n - r. I